lse
Is 489005977 composite?
True
Is 14269793443 a composite number?
True
Is 915951053 a prime number?
True
Is 83472705461 prime?
False
Is 1757619823 prime?
True
Is 11562528671 a composite number?
True
Is 17033100011 composite?
False
Is 333654131 prime?
False
Is 4454473 a prime number?
True
Is 7215290011 prime?
True
Is 7118442619 a composite number?
False
Is 1484840059 a prime number?
True
Is 21783035627 a composite number?
False
Is 59591267531 a prime number?
True
Is 3468168701 composite?
False
Is 6032937263 composite?
False
Is 9017877709 a prime number?
True
Is 468920747 a prime number?
False
Is 5010268121 composite?
False
Is 3323068699 a composite number?
False
Is 59944337437 composite?
True
Is 2519477189 prime?
True
Is 1938104447 a composite number?
False
Is 56223239 a prime number?
False
Is 71526077651 prime?
False
Is 1841444589 prime?
False
Is 867382459 a prime number?
True
Is 1858789739 prime?
False
Is 687360523 a prime number?
False
Is 4137345023 prime?
False
Is 3535791793 composite?
False
Is 128032943 prime?
True
Is 413236891 a composite number?
True
Is 17955310297 a prime number?
False
Is 16905188999 composite?
False
Is 629493671 composite?
True
Is 1180439633 prime?
True
Is 5054858647 a prime number?
False
Is 72796557329 a composite number?
False
Is 160584787159 prime?
True
Is 20461963733 a prime number?
True
Is 1066370359 composite?
True
Is 219049544993 composite?
True
Is 49321699549 composite?
True
Is 8566725511 prime?
False
Is 54751429 prime?
False
Is 198815057887 composite?
True
Is 2486429447 a composite number?
False
Is 677348293 a composite number?
True
Is 45426136423 a prime number?
True
Is 36759650003 a composite number?
False
Is 6367193429 prime?
True
Is 4807669357 prime?
False
Is 188452969 a prime number?
False
Is 4641737719 a prime number?
False
Is 163320006571 composite?
True
Is 64855058591 prime?
False
Is 28250666123 prime?
True
Is 15720998897 prime?
False
Is 992364991 prime?
True
Is 6044745067 a composite number?
False
Is 4443481631 a prime number?
True
Is 11038386277 composite?
False
Is 1832686811 a composite number?
False
Is 10420024091 composite?
False
Is 462241229 a composite number?
True
Is 130943429 a composite number?
False
Is 4506325763 a prime number?
True
Is 3062583703 a prime number?
True
Is 45472684261 prime?
False
Is 4878234637 a composite number?
True
Is 351095059 a prime number?
False
Is 8566936373 a prime number?
False
Is 1690818641 composite?
True
Is 849824473 composite?
True
Is 580729973 a prime number?
True
Is 5371537487 a prime number?
True
Is 16240731527 a prime number?
True
Is 130847500513 prime?
False
Is 376883951 prime?
True
Is 151105349 a composite number?
False
Is 92042869 a composite number?
True
Is 1459380497 prime?
True
Is 58098964303 prime?
False
Is 3614192201 prime?
True
Is 39172077097 prime?
True
Is 5618495371 prime?
True
Is 40897570609 a composite number?
True
Is 3836639089 prime?
True
Is 8424277541 prime?
False
Is 2606464831 prime?
True
Is 8481365111 a composite number?
False
Is 2019789579 a prime number?
False
Is 407318983 a prime number?
False
Is 17754209569 a composite number?
False
Is 2094684211 prime?
True
Is 48454274927 a composite number?
True
Is 3412656799 composite?
True
Is 35705427169 a prime number?
True
Is 6738801551 a prime number?
True
Is 872889539 composite?
False
Is 27919721793 composite?
True
Is 35256994831 a composite number?
True
Is 12278218297 composite?
True
Is 385569749911 composite?
False
Is 140322142833 composite?
True
Is 1245283147 a prime number?
True
Is 13552812538 a prime number?
False
Is 1277959967 composite?
False
Is 240341063 prime?
False
Is 45363663493 composite?
False
Is 4500438937 composite?
False
Is 4080010541 composite?
True
Is 471574751 composite?
True
Is 11578682617 a prime number?
False
Is 12986700829 a composite number?
False
Is 6274793431 a composite number?
False
Is 17035540651 composite?
False
Is 541301797 a composite number?
False
Is 115363302397 a composite number?
True
Is 3608278639 composite?
True
Is 755560073 a composite number?
True
Is 31570141 prime?
True
Is 961637093 prime?
False
Is 86294308101 a composite number?
True
Is 3948218381 prime?
True
Is 31060697 a composite number?
True
Is 602789977 composite?
True
Is 28326412113 a composite number?
True
Is 8246660533 a prime number?
True
Is 355424851 composite?
False
Is 35904245987 composite?
False
Is 6681230159 prime?
True
Is 55931566809 a composite number?
True
Is 825549281 composite?
True
Is 41808089227 prime?
True
Is 2380217507 prime?
False
Is 2851493557 prime?
False
Is 87583417 prime?
True
Is 16680924749 a prime number?
False
Is 423433531 composite?
False
Is 2446511239 composite?
False
Is 104004421127 prime?
True
Is 11073781711 composite?
False
Is 5951961269 a composite number?
False
Is 7462306237 a prime number?
True
Is 5453321 a composite number?
True
Is 1725428065 a prime number?
False
Is 294336811 a prime number?
False
Is 35522218421 a prime number?
False
Is 7993200821 a composite number?
True
Is 342624833 prime?
False
Is 5241348287 a composite number?
True
Is 4548516829 a prime number?
True
Is 14862399835 composite?
True
Is 21723534533 prime?
True
Is 20243979703 composite?
False
Is 794162797 a prime number?
False
Is 21933761 a composite number?
True
Is 2433637 a prime number?
False
Is 13845423533 composite?
True
Is 19715819873 a composite number?
False
Is 173982821 composite?
False
Is 401813651 a composite number?
True
Is 80560574407 composite?
False
Is 1344757121 a composite number?
False
Is 1045072139 a composite number?
True
Is 250269451 prime?
True
Is 97479057101 composite?
True
Is 782787409 composite?
False
Is 786068369 a prime number?
True
Is 127498428163 a composite number?
True
Is 1245323471 prime?
False
Is 16220068427 a composite number?
False
Is 101161519313 composite?
False
Is 217766063 a prime number?
True
Is 71949903703 prime?
False
Is 27380988797 a prime number?
True
Is 1364097479 prime?
False
Is 756856301 composite?
False
Is 145520443 a prime number?
True
Is 16701366883 a prime number?
False
Is 19700950739 composite?
False
Is 5793927329 a composite number?
False
Is 1503543691 a composite number?
True
Is 1714075369 composite?
True
Is 4167093613 prime?
True
Is 1353620309 prime?
True
Is 95952887 a composite number?
False
Is 13462781993 composite?
False
Is 961582387 prime?
True
Is 739105697 composite?
True
Is 4378454239 a prime number?
True
Is 26155031717 a composite number?
False
Is 3972759179 prime?
True
Is 7404205219 prime?
True
Is 110491271069 a composite number?
True
Is 289734101 prime?
True
Is 77500648873 a composite number?
True
Is 30425690023 composite?
False
Is 29591675669 prime?
True
Is 31393225811 a composite number?
True
Is 5405046203 composite?
False
Is 684161018 a composite number?
True
Is 90175549 composite?
True
Is 9283696043 prime?
True
Is 2182846007 a prime number?
True
Is 14883402643 prime?
True
Is 1743693071 a composite number?
True
Is 30290877741 a prime number?
False
Is 23869662221 a prime number?
True
Is 40973472091 composite?
False
Is 2826813239 composite?
False
Is 6087733381 a composite number?
False
Is 169754461 prime?
True
Is 5968895549 prime?
True
Is 13643624903 prime?
False
Is 3569694937 composite?
True
Is 1965273187 composite?
False
Is 203534323 composite?
True
Is 77991947 prime?
False
Is 46526928749 a prime number?
False
Is 2577223639 prime?
False
Is 17524721449 a composite number?
True
Is 5965244113 a prime number?
False
Is 4852279249 a prime number?
False
Is 26003013611 a composite number?
False
Is 612300961 a prime number?
True
Is 612201683 a prime number?
False
Is 47620129 a prime number?
False
Is 1967401479 a composite number?
True
Is 16804941823 composite?
False
Is 14019077 a composite number?
False
Is 51727687591 a composite number?
False
Is 44920571 a prime number?
False
Is 12630281207 prime?
False
Is 74228190367 a composite number?
False
Is 2550560669 composite?
True
Is 11720500437 prime?
False
Is 556717235 composite?
True
Is 218397503 a prime number?
False
Is 11505820681 composite?
False
Is 70043113433 composite?
True
Is 5245890917 prime?
False
Is 5988655303 prime?
True
Is 2155302827 composite?
False
Is 4292715199 prime?
True
Is 155003531 a composite number?
False
Is 28737732409 composite?
True
Is 45727974731 a prime number?
T